s) = 32 - 728*s + 367*s + 350*s + s**2. Give k(6).
2
Let l(y) be the third derivative of y**5/10 - 2*y**4/3 - y**3/3 - 859*y**2. Give l(2).
-10
Suppose 0 = 4*q - 5*k - 43, -141*q = -144*q + 3*k + 33. Let t(c) = -5*c + 46. What is t(q)?
-14
Let j(l) be the third derivative of l**6/60 + 8*l**5/15 + l**4/24 + 13*l**3/6 - 615*l**2 - l. Calculate j(-16).
-3
Let x(a) = 145*a - 75*a - 49 - 60*a + 9. Calculate x(5).
10
Let r(a) be the second derivative of -a**7/1260 - a**6/144 + a**5/60 + 3*a**4 - a - 10. Let g(b) be the third derivative of r(b). Calculate g(-5).
-23
Let w be (6/7)/((-2)/(-14)). Suppose -8*n + 27 = -373. Let o(a) = -6*a**2 + n + 43 + 2*a - 110 + 12 + a**3. What is o(w)?
7
Let r(f) = 3*f**3 + 2*f**2 + 3*f + 4. Let t be 690/184 + 6/(-8) - 6. What is r(t)?
-68
Let m be 6/5*(-115)/(-46). Let y(q) = -2*q**2 + 10*q - 2. Let j(z) = -3*z**2 + 20*z - 2. Let g(r) = m*j(r) - 5*y(r). Calculate g(-9).
-5
Let v = 719 - 705. Let y(c) = -c - 35. Calculate y(v).
-49
Let p = 0 - -5. Suppose -s = 3*r - 12, -5*r - 9 + 33 = 3*s. Let i(k) = 5 + 1 - 4*k**2 + s*k**2 + 3*k. Give i(p).
-4
Let u(o) = 3*o**3 - 5*o**2 - 4*o + 7. Let r(g) = 6*g**3 - 11*g**2 - 9*g + 15. Let k(q) = -6*r(q) + 13*u(q). Let v = -1 + 0. Give k(v).
-3
Let h(f) = f**2 + 4. Let t be (6/5)/((-24)/(-60)). Suppose t*v = 4*m + 28, -22 = -5*v + 2*m + 34. Suppose -d - 4 = -5*y, 2*d = y - d - v. Calculate h(y).
4
Let u(n) be the second derivative of 5*n**3/2 - 41*n**2/2 + 889*n. Give u(3).
4
Let z(h) = h**3 - 3*h**2 + 3. Let v(q) = -2*q**3 + 93 + 2*q**2 - q**2 + 6*q**2 - 98. Let o(p) = 3*v(p) + 5*z(p). Give o(6).
0
Let d(t) be the first derivative of 19*t**4/2 + 4*t**3/3 + 3*t**2 + 2*t - 9457. Give d(-1).
-38
Let u(h) = 2*h**2 + 6*h - 1. Suppose 4*r - o = -13, -2*o - 11 + 22 = -3*r. Let c be u(r). Let b(i) = -18*i + 0 + 1 - 3*i. What is b(c)?
22
Let d(q) be the second derivative of 203*q**3/6 - 205*q**2 - q + 118. Calculate d(2).
-4
Let o(f) = f**2 - 24*f + 19. Let u(s) = 2*s**2 - 53*s + 50. Let a be u(26). What is o(a)?
19
Let o(n) = 145 - 291 + 148 - n**2. Let h(z) = -z**2 - 1. Let w(r) = 2*h(r) - 3*o(r). Calculate w(-4).
8
Suppose p + z - 13 + 23 = 0, 2*z - 29 = 5*p. Let r(i) = -22*i - 156. What is r(p)?
-2
Let w(z) be the third derivative of -z**6/60 - z**5/10 - z**4/12 + z**3/6 - z**2 - 3*z. Suppose -4*b + 26 = -5*a, -3*b + 16 + 4 = -4*a. Determine w(a).
-3
Let c(r) = 7*r + 11416 - 11420 - 17*r. Determine c(-3).
26
Suppose 4*a - 48 = 128*c - 136*c, -3*c + 9 = 0. Let v(y) = -37*y + 220. Give v(a).
-2
Let v(x) be the first derivative of -x**3/3 - 3*x**2 + 9*x + 4737. Determine v(4).
-31
Let a(n) be the second derivative of 1/12*n**4 - n - 1/2*n**3 + 24 + 7/2*n**2. Determine a(5).
17
Suppose 5*t - 89*t = 4*t + 1584. Let h(a) = a**3 + 21*a**2 + 55*a + 30. Determine h(t).
12
Suppose 2*i + 29 = 5*w - 80, -3*i + 78 = 3*w. Let l(z) = -z**2 + 27*z - 32. Determine l(w).
60
Let m(g) = 14*g - 80. Let z be m(6). Suppose v - 13 = -0*v + 3*b, 0 = -z*v - b. Let q(y) = -5*y**3 + 1. Calculate q(v).
-4
Let i(n) be the third derivative of -n**7/1260 - n**6/720 + n**5/30 + n**4/8 - 43*n**2. Let l(o) be the third derivative of i(o). Give l(-1).
3
Let q(o) = o**2 + 3*o + 1. Suppose -d - 14*l + 11*l + 10 = 0, 0 = -2*d - 4*l + 12. Calculate q(d).
-1
Let w(o) = -6*o - 1. Let i(v) = -52*v - 9. Let g(x) = 3*i(x) - 24*w(x). What is g(2)?
-27
Suppose -45*q + 647 = -298. Let z(c) = c - 2. Give z(q).
19
Let o(d) = -d**2 - d. Let n(j) = -5*j**2 - 3*j + 2. Let q(r) = n(r) - 4*o(r). Let a(w) = -w**3 - 37*w**2 + 193*w + 91. Let m be a(5). Determine q(m).
-28
Let s(f) = -5*f**3 + 3*f**2 - 6*f - 4. Let h(t) = 42*t**3 - 23*t**2 + 49*t + 33. Let i(z) = 2*h(z) + 17*s(z). Give i(3).
4
Suppose -4*g + 29 = -2*n - 27, 58 = 4*g - 3*n. Let y(i) = i. Let w(j) = 9*j - 29. Let c(q) = w(q) - 6*y(q). Give c(g).
10
Let x(u) be the first derivative of 0*u + 0*u**2 + 1/120*u**5 - u**4 - 34/3*u**3 + 29. Let a(k) be the third derivative of x(k). What is a(0)?
-24
Let x(u) be the first derivative of 8*u**2 + 809*u - 14019. Determine x(-51).
-7
Let k(g) = -g**3 - 5*g**2 + 5*g - 1. Let z be (-99)/(-132) + 26/8. Suppose z*c = -2*a - 10, 0*a - a = c. Let t be 22/(-55) + (-28)/a. Calculate k(t).
5
Let y(c) = -3*c**2 - c - 25. Let j(q) be the first derivative of -10*q**3/3 - 2*q**2 - 76*q + 68. Let d(f) = -2*j(f) + 7*y(f). Give d(0).
-23
Let a(o) = o - 15. Suppose 4*t = -5*x + 9*t - 15, 6 = -4*x + 2*t. Suppose v + 2*v + 3 = x, -v = -2*h + 1. Calculate a(h).
-15
Let g(i) = -i**3 - 6*i**2 + 5*i. Let o be (-110)/(-7) + 10/35. Suppose -13*z = -o*z - 21. Determine g(z).
14
Let u(w) = w**2 - 7*w + 12. Let i(j) = -3*j + 9. Let c be i(2). Let f be 1/(-3) + (-26)/(-18)*c. Let s be u(f). Let k(l) = -l - 4. Calculate k(s).
-4
Suppose 4*f - 3*u - 20 = u, -5*f = -3*u - 27. Let p(d) = -4*d**2 - 17 - f*d + 1 - 5*d**3 + 9 + 6*d**3. What is p(5)?
-12
Let w(n) = n**2 + n + 2. Let j(t) = t**2 + t + 6. Let c(q) = j(q) - 3*w(q). Give c(-2).
-4
Let d(h) = 2*h + 8. Suppose 4*i - 9*i = 0. Suppose 3*f + f - 4*c - 4 = i, -3*c + 6 = 0. Suppose 4*n = -25 - f. What is d(n)?
-6
Let i(p) be the third derivative of p**5/60 - 7*p**4/12 + 2*p**3 - 55*p**2. Let d be 4 + (-8 - (4 + -21)). Give i(d).
-1
Let j(p) = -3*p + 2. Suppose -n = 2*n - 5*f - 12, 0 = -5*f - 15. Let z(c) = -2*c**3 - c**2 - 2*c - 1. Let s be z(n). Give j(s).
-4
Let p(i) = -4 + 6255*i - 12516*i + 6253*i + 5. Give p(-1).
9
Let b(p) = 2*p - 29 + 0*p + 30. Let l be (1 - 0 - 5)*(1 + 0). Let u(q) = q. Let o(g) = l*u(g) + 3*b(g). What is o(-2)?
-1
Let r(s) = -s**3 - 5*s**2 + 15*s + 1. Let d(h) = h**3 - 29*h**2 + 23*h + 133. Suppose -5*l = -4*i - 148, 2*i - 38 = -l - 14. Let f be d(l). Give r(f).
-6
Let v(r) = 4*r + 2. Let q be (140/(-100))/(1/5). Give v(q).
-26
Let p(c) = 521*c - 1040*c + 520*c. Let s(b) = 8*b + 1. Let y(t) = t - 2. Let n be y(4). Let i(d) = n*s(d) - 14*p(d). Give i(-3).
-4
Suppose -47 = -5*t + 3*c + 1, -3*c - 30 = -3*t. Let h(f) = 5 - 3 - 15 - 43*f**2 + 12*f + 44*f**2 - 19*f. Determine h(t).
5
Let z(k) be the third derivative of -k**6/360 + k**5/15 - 7*k**4/24 + 11*k**3/3 + 128*k**2. Let s(f) be the first derivative of z(f). Determine s(7).
0
Let p be (60/14)/((-4)/(-28)). Let m = p - 17. Let n = 17 - m. Let s(w) = w**2 - 6*w + 1. Give s(n).
-7
Let m(w) be the first derivative of 38 - 5*w + 1/3*w**3 - 3*w**2. What is m(6)?
-5
Let y(s) = 26*s**3 - 3*s**2 + 6*s + 2. Let f(m) = 23*m**3 - 2*m**2 + 6*m + 3. Let i(a) = 9*f(a) - 8*y(a). Determine i(7).
4
Let p(w) = 3*w. Let y(s) = s**2 - 19*s + 81. Let r be y(10). Let v(a) = -a**2 - 20*a - 98. Let c be v(r). What is p(c)?
3
Let n(o) = o**3 - 6*o**2 + 2*o - 6. Let k(m) = 4*m**3 - 2*m**2 + 6*m - 2. Let r be k(1). Let a be n(r). Let s(j) = -4 - 2 + 2*j - 2. What is s(a)?
4
Suppose -6*o + 34 + 32 = 0. Suppose -2*m - 5 = 5*h, 3*h + m = 5*h + o. Let a(f) = 9*f - 4*f - 4*f + 1. Calculate a(h).
-2
Let j(o) = -o**3 + 9*o**2 - 10*o + 13. Suppose 2*d = -12 + 24, 2*d - 52 = -5*p. Determine j(p).
-3
Let u(v) = -v**3 - 14*v**2 + 13*v - 26. Let a be u(-15). Suppose -a*n + 1 = -3*h, h + n + 8 = -h. Let r(q) = -q**3 - q**2 - 4*q - 3. What is r(h)?
27
Let w be (-3)/(-6)*0*(-1)/(-2). Let f(c) = 13. Let x(p) = 2*p + 43. Let h(g) = -4*f(g) + x(g). Calculate h(w).
-9
Let d(u) = 7*u + 23*u**2 - u**3 + 143 - 253 - 8*u + 133. What is d(23)?
0
Suppose 3*l - 426 = -3*r, 66 + 646 = 5*l + 4*r. Let f(u) = -3 + 2 + 142*u + 2 - l*u. Give f(-1).
3
Suppose 11*j - 7*j = 56. Let h = 16 - j. Let w(n) = -4*n - 1 + 4*n**2 - h*n**2 - n**2. Give w(-3).
20
Let l(a) = -3*a + 34. Let u(n) = n**3 - 5*n**2 + 14*n + 2. Let w be u(3). Calculate l(w).
-44
Let n(z) be the second derivative of z**4/12 - z**3/2 - 3*z**2/2 + 2*z + 2279. Let t be (-3)/(-1 - 15/(-6)). Determine n(t).
7
Suppose -2 = 2*o + w, 4*o = 22*w - 17*w + 38. Let b(v) = -3*v**3 - 4*v**2 + 3*v - 1. Calculate b(o).
-35
Let z(g) = -4*g**2 - 5*g + 2*g - g**3 - 2*g - 2. Suppose -14*c + 19*c + 105 = 0. Let t(b) = -5*b - 109. Let w be t(c). Calculate z(w).
18
Suppose -5*v + 5 = 0, 10 = 5*l - 3*l + 2*v. Let p(c) = -3 - 10*c**2 - c**3 + 4 + 9*c - l*c**2 + 7*c**2. What is p(-8)?
-7
Let s be -1*1*18/(-1). Let r = s - 15. Let l(b) = -6*b**2 - b - 1 + b + 7*b**3 - 6*b**3 + r*b. Give l(5).
-11
Let i(g) = 632*g - 20. Let z(p) = 451*p - 14. Let m(v) = -5*i(v)